 234 and g?
26
Let v = -12 + 17. Suppose v*n - 794 - 166 = 0. What is the greatest common factor of 24 and n?
24
Suppose 0 = d - 2 + 6. Let b = d + 3. Let i be (7*b)/((-1)/3). What is the greatest common divisor of i and 3?
3
Let c(u) = 2*u**3 - 4*u**2 + 3. Let q be c(3). Let a be (-2)/(-6) - (-182)/q. Suppose 0 = -5*d + 107 - 17. What is the highest common divisor of d and a?
9
Suppose -5*v + 16 + 44 = 0. What is the highest common factor of 12 and v?
12
Let q = -3 + 6. Suppose -2*b + 5*o + 35 = q*b, -26 = -2*b - 2*o. What is the greatest common divisor of 90 and b?
10
Let m = -20 + 32. Suppose -483 = -5*n + m. What is the greatest common factor of 9 and n?
9
Suppose i - 94 + 24 = 0. Let d = 8 - 5. Suppose -40 = -d*m - m. Calculate the highest common factor of i and m.
10
Suppose 3*s - 161 = -5*i + s, 22 = i - 3*s. Suppose 3*j + 4 = i. Calculate the highest common factor of j and 45.
9
Suppose -4*g + 66 = -78. Let j be 1 - 23*(-1)/1. Calculate the highest common factor of j and g.
12
Let l(v) = v**2 - 10*v + 2. Let f be l(9). Let p = 11 + f. What is the highest common divisor of p and 20?
4
Suppose 0 = -5*v + 70 - 15. Let r(w) = 11*w**3 - 2*w**2 - 3*w + 3. Let d be r(2). What is the highest common factor of d and v?
11
Suppose -5*v - 27 = -j, 4*j + 4*v + v + 17 = 0. Suppose j*w = 3*w - 40. What is the greatest common divisor of 10 and w?
10
Let f(a) = -a**3 - 7*a**2 - 3*a - 5. Let r be f(-7). Calculate the greatest common divisor of 8 and r.
8
Suppose 0 = -i + 2*o - 5, 5*i + 2 - 1 = 2*o. What is the greatest common divisor of i and 2?
1
Let y be ((-42)/(-4))/((-3)/(-4)). What is the highest common divisor of 126 and y?
14
Suppose 4*a = -5 + 9. Let c = -6 + 10. What is the greatest common factor of c and a?
1
Let j(h) = 10*h**3 - h - 1 + h**2 - 2*h**2 + 3*h. Let i be j(1). Let v = 12 - -8. Calculate the highest common factor of i and v.
10
Let t(r) = 22*r**2 + 2. Let a = -3 - -5. Let z be t(a). What is the highest common divisor of z and 10?
10
Let a be (-2)/((-18)/39)*24. Calculate the greatest common factor of 26 and a.
26
Suppose g - 3*g = -410. Suppose g = 3*f - 38. Let s = 26 - 17. Calculate the highest common divisor of s and f.
9
Let k(d) = d + 1. Let b be k(0). Let p = 3 - b. Suppose -2*i + 8 = p*i. Calculate the highest common divisor of i and 2.
2
Let h = 25 + 11. Let s = h - 18. Calculate the highest common factor of 90 and s.
18
Suppose -13 = 3*r - 43. Let k be (12/8)/(1/r). What is the greatest common divisor of 45 and k?
15
Let y(d) = -d**2 + 13*d. Let l be y(12). Calculate the highest common factor of l and 6.
6
Let m be -3 + (3 - 3 - -3). Suppose m = -5*n - 3*c + 47, 4*n + 3*c - 37 = 3. Let z = n + 9. Calculate the highest common divisor of z and 8.
8
Suppose -6*y = -y - 15. Let u be ((-2)/y)/(8/(-1044)). What is the greatest common factor of 29 and u?
29
Let u be -4 + (2 - -38)/5. What is the greatest common factor of u and 32?
4
Suppose 5*m - 4 = 3*m. Let r be 1*(m + -4)*-8. Calculate the highest common divisor of 32 and r.
16
Suppose 28 = 2*v + v + 4*h, 5*h = 5. Let m be 424/(-32) - (-1)/4. Let x = -5 - m. Calculate the greatest common divisor of x and v.
8
Suppose -5*p - d = -4*d - 285, -152 = -3*p - 2*d. Calculate the highest common divisor of 12 and p.
6
Let w = -109 - -340. Calculate the highest common factor of w and 21.
21
Suppose -166 = -y - 75. Calculate the greatest common factor of 13 and y.
13
Let y(x) = 2*x**3 + x**2 - 4. Let s be y(4). Calculate the greatest common factor of s and 20.
20
Suppose 2*r + 37 = 3*h + 132, -2*r + 2*h + 100 = 0. What is the greatest common divisor of r and 5?
5
Suppose 2*y = -t + 67, -y = 7 - 3. Calculate the highest common factor of 30 and t.
15
Suppose -4*x + u + 12 = 0, 5*u = x - 30 + 8. Let p be 3*x/8*4. What is the greatest common factor of p and 21?
3
Let v be (-1)/(-2)*(-13 - -17). Calculate the highest common factor of v and 14.
2
Suppose 74 = 3*k + 2*i, -9*k + 4*i = -4*k - 138. Calculate the highest common divisor of 182 and k.
26
Suppose 4*x - 167 = 313. Let g be (-30)/((-6)/1 - -4). What is the greatest common divisor of g and x?
15
Suppose -3 = -2*m + 61. Suppose 3*o + 5*x = -o + m, x = 3*o - 5. Suppose 5*n + 4*b = 27, 5*b = o*n + 2*b - 27. What is the greatest common factor of n and 63?
7
Suppose -2*x = x - 3. Let f be x/(-6)*-3*0. Suppose f*t + 8 = t. What is the greatest common factor of t and 1?
1
Let c(h) = -11*h + 33. Let m be c(-6). What is the greatest common factor of 11 and m?
11
Suppose 0 = -4*o + 4, -4*o + 26 = 2*j. Let k = j + -5. Calculate the greatest common divisor of k and 48.
6
Suppose n + 0 = 1, 2*n = 5*x - 273. Calculate the highest common divisor of x and 33.
11
Let t be 810/16 - (-6)/16. Calculate the greatest common divisor of 68 and t.
17
Suppose 0 = 4*i - 21 - 75. Suppose -i = -4*t - 0*t. Calculate the highest common factor of t and 6.
6
Suppose 49 - 156 = -2*p - 3*y, 5*p - 225 = y. Let q = p - -6. Suppose 0 = z + q - 151. Calculate the greatest common factor of 11 and z.
11
Suppose -4*z - 4*h = -56, 5 - 3 = h. Suppose 3*l + l - 48 = -y, 4*l - 3*y = 48. What is the greatest common factor of z and l?
12
Suppose 2*i - 96 = 4*i. Let g = i + 93. Suppose 36 = 27*o - 23*o. Calculate the greatest common factor of g and o.
9
Suppose 3*b - 4*a = -0*a + 92, -3*a = 4*b - 156. What is the highest common divisor of b and 12?
12
Let v = -924 + 1664. Suppose -5*t + 468 = -0*u + 3*u, -5*u + v = -5*t. Suppose 29 = 4*f - u. What is the greatest common factor of 30 and f?
15
Let d = 1 - -24. Let m = -13 + d. Calculate the greatest common divisor of 30 and m.
6
Let y be (-422)/(-4) + 2/(-4). Let z be (-1030)/(-50) - (-4)/10. Calculate the greatest common divisor of z and y.
21
Let q = 50 + -39. Calculate the highest common factor of q and 44.
11
Let c = 58 + -22. Calculate the highest common factor of 4 and c.
4
Suppose 46 = v + 26. What is the highest common divisor of 8 and v?
4
Let i be (-4)/(-14) - (-40)/7. Suppose 2*d + i = 5*d. Let b be (-40)/(-12)*63/d. Calculate the highest common divisor of b and 15.
15
Let u be 0 - -2 - (3/(-1) - -4). What is the greatest common factor of 1 and u?
1
Let h(b) = 22*b - 30. Let u be h(4). What is the highest common divisor of 145 and u?
29
Let l be -1*(-444)/18 - (-4)/(-6). Let v be -8*1/(1/(-27)). Calculate the highest common factor of l and v.
24
Let n = -37 + 79. Let x be (-43 + -1)/2 - -1. Let a = x - -42. What is the greatest common factor of a and n?
21
Let i be ((-15)/(-4))/((-3)/(-8)). Let h be (-9)/(-6)*(-20)/(-6). Let r be ((-2)/h)/(6/(-1650)). What is the highest common divisor of i and r?
10
Let o be (-8)/(-6)*78/4. Suppose -2*i = 2*v - 2, -i + 5 = -0*i + 3*v. Let n be -3 - (-126)/((-3)/i). Calculate the greatest common divisor of n and o.
13
Let a(w) be the first derivative of 19*w**4/4 - w**3/3 + w**2 - w - 2. Let x be a(1). Let b = 30 - x. What is the highest common divisor of 11 and b?
11
Let p(o) = -7*o + 4. Suppose a - b - 4 = b, 0 = 5*a + b + 24. Let k be p(a). Calculate the greatest common factor of 8 and k.
8
Let q be 1 + -29 + 4/(-2). Let d = q + 20. Let u be (-10)/3*48/d. Calculate the greatest common divisor of 16 and u.
16
Let o = 32 + 112. Calculate the greatest common divisor of o and 48.
48
Let v = 38 - 18. What is the highest common factor of v and 10?
10
Suppose -14 = -4*a + 2*n + 98, -5*n + 17 = a. Suppose 5*u - a - 1 = -2*j, 4*j + 5*u = 56. Calculate the highest common divisor of j and 21.
7
Suppose 4*p + 72 = 4*u, -4*p = 3*u - 0*p - 19. Calculate the greatest common divisor of 13 and u.
13
Let k(w) = -w**3 + 5*w**2 - 7*w + 10. Let b be k(3). Calculate the greatest common divisor of 14 and b.
7
Suppose -12 = -3*n - 3*r, -3*n = -2*n - r - 8. Let j(s) = s. Let c be j(n). Let t(q) = q - 1. Let w be t(5). Calculate the greatest common factor of c and w.
2
Let b(y) = -3*y - 2. Let f(s) = s - 1. Let u be f(-3). Let m be b(u). Calculate the highest common divisor of 50 and m.
10
Let p = 65 - 46. Calculate the greatest common divisor of 38 and p.
19
Let y(w) = -w**3 + 3*w**2 + w - 1. Let f be y(-2). Calculate the greatest common factor of f and 17.
17
Let u(w) = w**2 - 3*w - 10. Suppose 3*q + 32 = 7*q. Let z be u(q). Suppose -5*t + z = -80. Calculate the highest common divisor of t and 88.
22
Let y =